
a0b
-13241 (base 7) to base 13
-1808
Convert 181 (base 11) to base 13.
132
What is -125 (base 16) in base 9?
-355
27a (base 15) to base 9
687
What is c5 (base 16) in base 5?
1242
-2810 (base 15) to base 3
-102202020
Convert 11020202 (base 4) to base 10.
21026
Convert 5268 (base 12) to base 8.
21460
What is 22630 (base 9) in base 16?
3af5
Convert -34 (base 11) to base 12.
-31
What is -31411 (base 8) in base 15?
-3d10
-210102 (base 5) to base 6
-51542
What is 363 (base 11) in base 7?
1155
Convert -b4 (base 16) to base 3.
-20200
Convert 273 (base 10) to base 6.
1133
What is -402011 (base 6) in base 4?
-13230313
Convert -1a9 (base 16) to base 10.
-425
Convert -56015 (base 7) to base 10.
-14075
Convert 232321 (base 4) to base 7.
11515
Convert -1551 (base 12) to base 11.
-1981
Convert cd (base 16) to base 10.
205
Convert -42 (base 14) to base 10.
-58
What is -200100 (base 3) in base 9?
-610
Convert -95c (base 13) to base 8.
-3076
What is 10020010001 (base 3) in base 13?
22ba0
-221101 (base 4) to base 8
-5121
What is 22011200 (base 3) in base 6?
43330
What is -2821 (base 11) in base 7?
-13436
What is 202410 (base 5) in base 8?
14715
What is -219 (base 15) in base 16?
-1da
What is -c3a (base 13) in base 5?
-31302
What is -41434 (base 5) in base 4?
-222320
What is -1949 (base 12) in base 4?
-300021
Convert -22037 (base 9) to base 15.
-44e4
8147 (base 10) to base 11
6137
What is -5140 (base 11) in base 2?
-1101010100100
-6835 (base 9) to base 7
-20510
-2770 (base 12) to base 8
-10704
Convert 2254 (base 16) to base 15.
290d
What is a51a (base 16) in base 13?
16313
Convert 2744 (base 8) to base 14.
79a
660 (base 7) to base 12
240
What is -11010010100 (base 2) in base 6?
-11444
22a8 (base 15) to base 6
54022
-1001011 (base 3) to base 13
-466
-6aa3 (base 16) to base 4
-12222203
What is -8ab (base 12) in base 2?
-10100000011
42 (base 15) to base 10
62
12012 (base 5) to base 11
732
Convert 150513 (base 8) to base 2.
1101000101001011
What is 10016 (base 8) in base 16?
100e
Convert -4413 (base 6) to base 3.
-1101200
Convert 4ee9 (base 15) to base 13.
78a8
Convert a25 (base 15) to base 6.
14325
Convert 302 (base 9) to base 15.
115
What is 1000 (base 2) in base 12?
8
What is -110101100010 (base 2) in base 7?
-12663
2121112 (base 3) to base 11
1481
-10001111101010 (base 2) to base 3
-110121112
12bd (base 14) to base 16
ce7
What is 1403144 (base 5) in base 16?
6f85
3123212 (base 4) to base 16
36e6
Convert 111110 (base 3) to base 16.
16b
Convert 729 (base 13) to base 5.
14333
What is 1256 (base 12) in base 5?
31312
What is 233131 (base 5) in base 3?
102201100
What is -10586 (base 9) in base 13?
-328b
What is 32111 (base 6) in base 15?
145d
What is -1100101100 (base 2) in base 16?
-32c
What is -711 (base 8) in base 9?
-557
Convert 943 (base 10) to base 5.
12233
1712 (base 9) to base 15
5c2
What is -607 (base 10) in base 15?
-2a7
What is -41d (base 14) in base 7?
-2236
1091 (base 15) to base 10
3511
-14632 (base 11) to base 2
-101000011110110
What is 1211212 (base 3) in base 5?
20341
473 (base 8) to base 10
315
What is -102002 (base 3) in base 12?
-20b
704 (base 8) to base 3
121202
What is 26408 (base 13) in base 14?
1bc28
What is 124 (base 6) in base 16?
34
Convert 10660 (base 12) to base 3.
1002201200
11110101001100 (base 2) to base 10
15692
What is 5b9 (base 16) in base 14?
769
What is -5823 (base 11) in base 5?
-221043
What is -114262 (base 7) in base 11?
-14629
-17ab (base 14) to base 13
-1c33
Convert -110001110110110 (base 2) to base 11.
-181a6
Convert 12832 (base 11) to base 7.
104241
11111001001010 (base 2) to base 16
3e4a
2012 (base 6) to base 5
3230
Convert -2fa (base 16) to base 7.
-2136
Convert 478a (base 11) to base 10.
6269
30000 (base 6) to base 12
2300
What is 36642 (base 8) in base 15?
4a1d
896 (base 13) to base 2
10111000011
-11762 (base 11) to base 7
-100143
What is -22130103 (base 4) in base 9?
-64603
Convert 4bbe (base 16) to base 13.
8a97
-643 (base 7) to base 15
-16a
-496 (base 12) to base 3
-221120
Convert 30213 (base 4) to base 12.
573
What is 326 (base 13) in base 3?
201222
1506 (base 10) to base 9
2053
-13010 (base 12) to base 14
-9644
Convert 250 (base 9) to base 15.
dc
What is -254365 (base 8) in base 13?
-31270
What is -3101 (base 5) in base 8?
-621
What is 1044243 (base 6) in base 9?
80380
Convert 121 (base 6) to base 8.
61
Convert 425 (base 7) to base 5.
1330
-21362 (base 12) to base 5
-2344311
1558b (base 12) to base 15
8e38
Convert -20b (base 14) to base 16.
-193
What is 2547 (base 13) in base 4?
1102302
What is -1517 (base 8) in base 15?
-3b7
What is -4d52 (base 15) in base 2?
-100000001110110
Convert 344514 (base 6) to base 11.
20239
Convert -3718 (base 11) to base 16.
-12fb
What is 223200 (base 4) in base 8?
5340
376a (base 12) to base 9
8541
103 (base 13) to base 12
124
-3676 (base 13) to base 4
-1320112
What is -391 (base 12) in base 9?
-661
Convert -452253 (base 6) to base 7.
-216066
What is 29 (base 14) in base 10?
37
Convert -1004 (base 8) to base 7.
-1335
What is 1001100 (base 3) in base 14?
3c9
Convert -100000101100010 (base 2) to base 13.
-7807
What is -105 (base 15) in base 13?
-149
74d (base 15) to base 16
670
68e (base 15) to base 6
10512
-785 (base 9) to base 3
-212212
Convert c345 (base 14) to base 3.
1201001121
-101111011 (base 2) to base 9
-461
What is -11011010010010 (base 2) in base 4?
-3122102
What is 1000110001 (base 2) in base 11?
470
What is 666 (base 11) in base 2?
1100011110
44262 (base 8) to base 11
12a89
-4304 (base 6) to base 12
-694
Convert 628 (base 11) to base 4.
23310
Convert 21302 (base 5) to base 11.
1100
Convert -560 (base 10) to base 2.
-1000110000
Convert 15a (base 14) to base 13.
183
What is -117 (base 11) in base 7?
-256
Convert 1461 (base 8) to base 5.
11232
What is -9537 (base 10) in base 12?
-5629
634 (base 10) to base 7
1564
Convert 1000034 (base 6) to base 7.
253042
What is -a30 (base 12) in base 11?
-1122
-100110001110000 (base 2) to base 3
-222211202
Convert -27582 (base 13) to base 10.
-73452
4461 (base 10) to base 12
26b9
What is -a869 (base 11) in base 3?
-201200121
What is -58b (base 13) in base 10?
-960
What is 2105 (base 6) in base 13?
2a5
747 (base 10) to base 13
456
What is -bcb (base 16) in base 4?
-233023
-11210 (base 3) to base 16
-81
Convert -7c4 (base 15) to base 7.
-5062
What is 111100011 (base 2) in base 12?
343
What is -10133 (base 11) in base 8?
-34716
What is -20300 (base 4) in base 6?
-2332
Convert -110110011 (base 2) to base 7.
-1161
-7d36 (base 15) to base 9
-40436
Convert -1001110011111 (base 2) to base 14.
-1b8b
Convert -64b1 (base 12) to base 6.
-123141
Convert 2ea (base 15) to base 9.
824
Convert 19b (base 12) to base 6.
1115
-53613 (base 7) to base 15
-3e43
212120 (base 3) to base 9
776
Convert 1b68 (base 13) to base 10.
4142
What is 36ae (base 15) in base 4?
2311313
Convert 1633 (base 9) to base 7.
3426
-1000010111111000 (base 2) to base 3
-1202001020
Convert -8d4 (base 15) to base 3.
-2202001
Convert -1100101 (base 2) to base 11.
-92
Convert 3317 (base 9) to base 10.
2446
Convert -2103 (base 4) to base 15.
-9c
Convert 1100110010001 (base 2) to base 15.
1e15
2121112 (base 3) to base 14
9a0
What is -1012530 (base 6) in base 3?
-2110122100
Convert 1332 (base 4) to base 11.
105
What is 37275 (base 8) in base 4?
3322331
What is 62061 (base 7) in base 9?
22676
Convert 4211 (base 10) to base 9.
5688
-3778 (base 10) to base 9
-5157
What is 9a (base 15) in base 16?
91
What is 24222 (base 6) in base 16?
dd6
-44012 (base 5) to base 15
-d57
Convert 3557 (base 8) to base 14.
99d
b83 (base 12) to base 2
11010010011
Convert 194 (base 10) to base 2.
11000010
Convert -20554 (base 9) to base 5.
-413301
Convert 1102210 (base 3) to base 11.
872
What is -11a (base 12) in base 10?
-166
What is -34a1 (base 12) in base 2?
-1011011111001
Convert 7799 (base 14) to base 9.
31366
What is -422212 (base 5) in base 8?
-33351
Convert -12034 (base 6) to base 5.
-24000
Convert 185 (base 9) to base 10.
158
-4120 (base 5) to base 7
-1363
What is 36c (base 15) in base 16?
309
-1b1a (base 12) to base 13
-1696
-1110120 (base 3) to base 14
-564
What is -7325 (base 8) in base 12?
-2245
What is -1400 (base 6) in base 7?
-1023
Convert 2776 (base 11) to base 13.
1834
-3131322 (base 4) to base 5
-42